{"id":3305,"date":"2020-05-13T16:14:17","date_gmt":"2020-05-13T14:14:17","guid":{"rendered":"https:\/\/www.lilolauser.com\/shop\/?post_type=product&#038;p=3305"},"modified":"2024-06-05T23:50:28","modified_gmt":"2024-06-05T21:50:28","slug":"popcorn-party","status":"publish","type":"product","link":"https:\/\/www.lilolauser.com\/shop\/produkt\/popcorn-party\/","title":{"rendered":"Popcorn Party als PDF"},"content":{"rendered":"<h2><strong>POPCORN PARTY<\/strong><\/h2>\n<h3><strong>Wer wird Popcorn-K\u00f6nigin oder Popcorn-K\u00f6nig?<\/strong><\/h3>\n<hr \/>\n<p><strong>Beschreibung<\/strong><\/p>\n<p>Was lieben alle Kinder? Richtig! Popcorn! Und darum dreht sich bei der Popcorn Party alles um die beliebte und leckere Knabberei. Durch unterschiedliche R\u00e4tsel-, Geschicklichkeits- und Kreativaufgaben gilt es, so viele gepoppte Maisk\u00f6rner wie m\u00f6glich zu erspielen und dabei so viel \u00fcber Popcorn zu erfahren wie noch nie. Bei der Popcorn Party f\u00fcllt jedes Kind seine leere T\u00fcte mit Popcorn \u2013 am Ende wird ausgez\u00e4hlt und die K\u00f6nigin oder der K\u00f6nig ermittelt. Nat\u00fcrlich darf auch w\u00e4hrend der Party Popcorn genascht werden \u2013 nur nicht aus der eigenen T\u00fcte! \ud83d\ude09 Runde f\u00fcr Runde wird gestaunt, gelacht, gereimt, gespielt und gesiegt. Ist dein Ehrgeiz geweckt? Auf die Pl\u00e4tze, fertig &#8230;Popcorn!<\/p>\n<p><strong>So funktioniert es<\/strong><\/p>\n<p>Nach der Bestellung wird der Code zum Download des Leseskripts und alle weiteren Informationen zur Vorbereitung per E-Mail versandt. Die komplette Spielanleitung kann also einfach Zuhause gedruckt werden \u2013 so kann man direkt loslegen!<\/p>\n<p><strong>Spielfokus<\/strong><\/p>\n<p>Die Popcorn Party ist als spa\u00dfiger Wettstreit in Reimform konzipiert. In unterschiedlichen Disziplinen sind die Kinder gefordert, ihre individuellen F\u00e4higkeiten bestm\u00f6glich zum Einsatz zu bringen. Punkte in Form von Popcorn k\u00f6nnen sowohl durch Wissen, als auch durch Geschicklichkeit und Kreativit\u00e4t erobert werden \u2013 so hat jedes Kind die M\u00f6glichkeit mit seinen Kompetenzen zu punkten und das Spiel bleibt bis zum Schluss spannend.<\/p>\n<p><strong>Spielaufbau<\/strong><\/p>\n<p>Im Lieferumfang enthalten sind folgende Downloads:<\/p>\n<ul>\n<li>Spieleanleitung f\u00fcr den erwachsenen Spielbegleiter<\/li>\n<li>Leseskript f\u00fcr den erwachsenen Spielbegleiter<\/li>\n<li>Materialliste<\/li>\n<li>Anh\u00e4nge zum Ausdruck (s\u00e4mtliche Bastelanleitungen und Druckvorlagen)<\/li>\n<\/ul>\n<p><strong>Das wird noch ben\u00f6tigt<\/strong><\/p>\n<p>Das Skript \u201ePopcorn Party\u201c f\u00fchrt in Reimform durch die Welt des leckeren Popcorns. Der erwachsene Spielleiter muss weder kreative Reime finden, noch muss er bei der Party mitspielen. Er f\u00fchrt moderierend durch die lustigen Verse und fungiert als Vorleser. S\u00e4mtliche Anleitungen und Anh\u00e4nge k\u00f6nnen mit jedem handels\u00fcblichen Drucker ausgedruckt werden. In der Materialliste findet man ein paar Utensilien, die das Spielerlebnis noch authentischer machen. Alle Spiele kommen mit wenigen, kosteng\u00fcnstigen Accessoires aus \u2013 viele davon haben Sie bestimmt bereits daheim. Die Gewinne f\u00fcr die Popcorn-K\u00f6nigin\/den Popcorn-K\u00f6nig und die eifrigen Mitspieler bestimmen Sie selbst.<\/p>\n<p>Die Popcorn Party ist ab <strong>mindestens zwei Spieler<\/strong> geeignet.<\/p>\n<p>&nbsp;<\/p>\n","protected":false},"excerpt":{"rendered":"<h3><strong>POPCORN PARTY mit Lilo Lauser<\/strong><\/h3>\n<h4><em><strong>Wer wird Popcorn-K\u00f6nigin oder Popcorn-K\u00f6nig?<\/strong><\/em><\/h4>\n<hr \/>\n<p>Spannendes Partyspiel f\u00fcr Kinder als PDF zum Downloaden<\/p>\n","protected":false},"featured_media":3359,"comment_status":"open","ping_status":"closed","template":"","meta":{"site-sidebar-layout":"default","site-content-layout":"default","ast-site-content-layout":"","site-content-style":"default","site-sidebar-style":"default","ast-global-header-display":"","ast-banner-title-visibility":"","ast-main-header-display":"","ast-hfb-above-header-display":"","ast-hfb-below-header-display":"","ast-hfb-mobile-header-display":"","site-post-title":"","ast-breadcrumbs-content":"","ast-featured-img":"","footer-sml-layout":"","theme-transparent-header-meta":"default","adv-header-id-meta":"","stick-header-meta":"","header-above-stick-meta":"","header-main-stick-meta":"","header-below-stick-meta":"","astra-migrate-meta-layouts":"default","ast-page-background-enabled":"default","ast-page-background-meta":{"desktop":{"background-color":"","background-image":"","background-repeat":"repeat","background-position":"center center","background-size":"auto","background-attachment":"scroll","background-type":"","background-media":"","overlay-type":"","overlay-color":"","overlay-opacity":"","overlay-gradient":""},"tablet":{"background-color":"","background-image":"","background-repeat":"repeat","background-position":"center center","background-size":"auto","background-attachment":"scroll","background-type":"","background-media":"","overlay-type":"","overlay-color":"","overlay-opacity":"","overlay-gradient":""},"mobile":{"background-color":"","background-image":"","background-repeat":"repeat","background-position":"center center","background-size":"auto","background-attachment":"scroll","background-type":"","background-media":"","overlay-type":"","overlay-color":"","overlay-opacity":"","overlay-gradient":""}},"ast-content-background-meta":{"desktop":{"background-color":"var(--ast-global-color-5)","background-image":"","background-repeat":"repeat","background-position":"center center","background-size":"auto","background-attachment":"scroll","background-type":"","background-media":"","overlay-type":"","overlay-color":"","overlay-opacity":"","overlay-gradient":""},"tablet":{"background-color":"var(--ast-global-color-5)","background-image":"","background-repeat":"repeat","background-position":"center center","background-size":"auto","background-attachment":"scroll","background-type":"","background-media":"","overlay-type":"","overlay-color":"","overlay-opacity":"","overlay-gradient":""},"mobile":{"background-color":"var(--ast-global-color-5)","background-image":"","background-repeat":"repeat","background-position":"center center","background-size":"auto","background-attachment":"scroll","background-type":"","background-media":"","overlay-type":"","overlay-color":"","overlay-opacity":"","overlay-gradient":""}}},"product_cat":[45],"product_tag":[],"class_list":{"0":"post-3305","1":"product","2":"type-product","3":"status-publish","4":"has-post-thumbnail","6":"product_cat-partyspiele","7":"pif-has-gallery","8":"desktop-align-center","9":"tablet-align-center","10":"mobile-align-center","12":"first","13":"instock","14":"downloadable","15":"virtual","16":"taxable","17":"purchasable","18":"product-type-simple"},"yoast_head":"<!-- This site is optimized with the Yoast SEO plugin v24.2 - https:\/\/yoast.com\/wordpress\/plugins\/seo\/ -->\n<title>Popcorn Party als PDF &#187; Lilo Lauser<\/title>\n<meta name=\"robots\" content=\"index, follow, max-snippet:-1, max-image-preview:large, max-video-preview:-1\" \/>\n<link rel=\"canonical\" href=\"https:\/\/www.lilolauser.com\/shop\/produkt\/popcorn-party\/\" \/>\n<meta property=\"og:locale\" content=\"de_DE\" \/>\n<meta property=\"og:type\" content=\"article\" \/>\n<meta property=\"og:title\" content=\"Popcorn Party als PDF &#187; Lilo Lauser\" \/>\n<meta property=\"og:description\" content=\"POPCORN PARTY mit Lilo Lauser Wer wird Popcorn-K\u00f6nigin oder Popcorn-K\u00f6nig?    Spannendes Partyspiel f\u00fcr Kinder als PDF zum Downloaden\" \/>\n<meta property=\"og:url\" content=\"https:\/\/www.lilolauser.com\/shop\/produkt\/popcorn-party\/\" \/>\n<meta property=\"og:site_name\" content=\"Lilo Lauser\" \/>\n<meta property=\"article:publisher\" content=\"https:\/\/hi-in.facebook.com\/lilolauser\/\" \/>\n<meta property=\"article:modified_time\" content=\"2024-06-05T21:50:28+00:00\" \/>\n<meta property=\"og:image\" content=\"https:\/\/www.lilolauser.com\/shop\/wp-content\/uploads\/2020\/05\/Popcorn-Party-Partyskript-Lilo-Lauser.png\" \/>\n\t<meta property=\"og:image:width\" content=\"585\" \/>\n\t<meta property=\"og:image:height\" content=\"584\" \/>\n\t<meta property=\"og:image:type\" content=\"image\/png\" \/>\n<meta name=\"twitter:card\" content=\"summary_large_image\" \/>\n<meta name=\"twitter:label1\" content=\"Gesch\u00e4tzte Lesezeit\" \/>\n\t<meta name=\"twitter:data1\" content=\"2\u00a0Minuten\" \/>\n<script type=\"application\/ld+json\" class=\"yoast-schema-graph\">{\"@context\":\"https:\/\/schema.org\",\"@graph\":[{\"@type\":\"WebPage\",\"@id\":\"https:\/\/www.lilolauser.com\/shop\/produkt\/popcorn-party\/\",\"url\":\"https:\/\/www.lilolauser.com\/shop\/produkt\/popcorn-party\/\",\"name\":\"Popcorn Party als PDF &#187; Lilo Lauser\",\"isPartOf\":{\"@id\":\"https:\/\/www.lilolauser.com\/shop\/#website\"},\"primaryImageOfPage\":{\"@id\":\"https:\/\/www.lilolauser.com\/shop\/produkt\/popcorn-party\/#primaryimage\"},\"image\":{\"@id\":\"https:\/\/www.lilolauser.com\/shop\/produkt\/popcorn-party\/#primaryimage\"},\"thumbnailUrl\":\"https:\/\/www.lilolauser.com\/shop\/wp-content\/uploads\/2020\/05\/Popcorn-Party-Partyskript-Lilo-Lauser.png\",\"datePublished\":\"2020-05-13T14:14:17+00:00\",\"dateModified\":\"2024-06-05T21:50:28+00:00\",\"breadcrumb\":{\"@id\":\"https:\/\/www.lilolauser.com\/shop\/produkt\/popcorn-party\/#breadcrumb\"},\"inLanguage\":\"de\",\"potentialAction\":[{\"@type\":\"ReadAction\",\"target\":[\"https:\/\/www.lilolauser.com\/shop\/produkt\/popcorn-party\/\"]}]},{\"@type\":\"ImageObject\",\"inLanguage\":\"de\",\"@id\":\"https:\/\/www.lilolauser.com\/shop\/produkt\/popcorn-party\/#primaryimage\",\"url\":\"https:\/\/www.lilolauser.com\/shop\/wp-content\/uploads\/2020\/05\/Popcorn-Party-Partyskript-Lilo-Lauser.png\",\"contentUrl\":\"https:\/\/www.lilolauser.com\/shop\/wp-content\/uploads\/2020\/05\/Popcorn-Party-Partyskript-Lilo-Lauser.png\",\"width\":585,\"height\":584},{\"@type\":\"BreadcrumbList\",\"@id\":\"https:\/\/www.lilolauser.com\/shop\/produkt\/popcorn-party\/#breadcrumb\",\"itemListElement\":[{\"@type\":\"ListItem\",\"position\":1,\"name\":\"Startseite\",\"item\":\"https:\/\/www.lilolauser.com\/shop\/\"},{\"@type\":\"ListItem\",\"position\":2,\"name\":\"Alle Produkte\",\"item\":\"https:\/\/www.lilolauser.com\/shop\/alle-produkte\/\"},{\"@type\":\"ListItem\",\"position\":3,\"name\":\"Popcorn Party als PDF\"}]},{\"@type\":\"WebSite\",\"@id\":\"https:\/\/www.lilolauser.com\/shop\/#website\",\"url\":\"https:\/\/www.lilolauser.com\/shop\/\",\"name\":\"Lilo Lauser\",\"description\":\"\",\"publisher\":{\"@id\":\"https:\/\/www.lilolauser.com\/shop\/#organization\"},\"potentialAction\":[{\"@type\":\"SearchAction\",\"target\":{\"@type\":\"EntryPoint\",\"urlTemplate\":\"https:\/\/www.lilolauser.com\/shop\/?s={search_term_string}\"},\"query-input\":{\"@type\":\"PropertyValueSpecification\",\"valueRequired\":true,\"valueName\":\"search_term_string\"}}],\"inLanguage\":\"de\"},{\"@type\":\"Organization\",\"@id\":\"https:\/\/www.lilolauser.com\/shop\/#organization\",\"name\":\"Lebe.Mensch. GmbH\",\"url\":\"https:\/\/www.lilolauser.com\/shop\/\",\"logo\":{\"@type\":\"ImageObject\",\"inLanguage\":\"de\",\"@id\":\"https:\/\/www.lilolauser.com\/shop\/#\/schema\/logo\/image\/\",\"url\":\"https:\/\/www.lilolauser.com\/shop\/wp-content\/uploads\/2021\/01\/LiloLauser_copyright_Logo_kl.png\",\"contentUrl\":\"https:\/\/www.lilolauser.com\/shop\/wp-content\/uploads\/2021\/01\/LiloLauser_copyright_Logo_kl.png\",\"width\":558,\"height\":97,\"caption\":\"Lebe.Mensch. GmbH\"},\"image\":{\"@id\":\"https:\/\/www.lilolauser.com\/shop\/#\/schema\/logo\/image\/\"},\"sameAs\":[\"https:\/\/hi-in.facebook.com\/lilolauser\/\",\"https:\/\/www.instagram.com\/lilolauser\/?hl=de\"]}]}<\/script>\n<!-- \/ Yoast SEO plugin. -->","yoast_head_json":{"title":"Popcorn Party als PDF &#187; Lilo Lauser","robots":{"index":"index","follow":"follow","max-snippet":"max-snippet:-1","max-image-preview":"max-image-preview:large","max-video-preview":"max-video-preview:-1"},"canonical":"https:\/\/www.lilolauser.com\/shop\/produkt\/popcorn-party\/","og_locale":"de_DE","og_type":"article","og_title":"Popcorn Party als PDF &#187; Lilo Lauser","og_description":"POPCORN PARTY mit Lilo Lauser Wer wird Popcorn-K\u00f6nigin oder Popcorn-K\u00f6nig?    Spannendes Partyspiel f\u00fcr Kinder als PDF zum Downloaden","og_url":"https:\/\/www.lilolauser.com\/shop\/produkt\/popcorn-party\/","og_site_name":"Lilo Lauser","article_publisher":"https:\/\/hi-in.facebook.com\/lilolauser\/","article_modified_time":"2024-06-05T21:50:28+00:00","og_image":[{"width":585,"height":584,"url":"https:\/\/www.lilolauser.com\/shop\/wp-content\/uploads\/2020\/05\/Popcorn-Party-Partyskript-Lilo-Lauser.png","type":"image\/png"}],"twitter_card":"summary_large_image","twitter_misc":{"Gesch\u00e4tzte Lesezeit":"2\u00a0Minuten"},"schema":{"@context":"https:\/\/schema.org","@graph":[{"@type":"WebPage","@id":"https:\/\/www.lilolauser.com\/shop\/produkt\/popcorn-party\/","url":"https:\/\/www.lilolauser.com\/shop\/produkt\/popcorn-party\/","name":"Popcorn Party als PDF &#187; Lilo Lauser","isPartOf":{"@id":"https:\/\/www.lilolauser.com\/shop\/#website"},"primaryImageOfPage":{"@id":"https:\/\/www.lilolauser.com\/shop\/produkt\/popcorn-party\/#primaryimage"},"image":{"@id":"https:\/\/www.lilolauser.com\/shop\/produkt\/popcorn-party\/#primaryimage"},"thumbnailUrl":"https:\/\/www.lilolauser.com\/shop\/wp-content\/uploads\/2020\/05\/Popcorn-Party-Partyskript-Lilo-Lauser.png","datePublished":"2020-05-13T14:14:17+00:00","dateModified":"2024-06-05T21:50:28+00:00","breadcrumb":{"@id":"https:\/\/www.lilolauser.com\/shop\/produkt\/popcorn-party\/#breadcrumb"},"inLanguage":"de","potentialAction":[{"@type":"ReadAction","target":["https:\/\/www.lilolauser.com\/shop\/produkt\/popcorn-party\/"]}]},{"@type":"ImageObject","inLanguage":"de","@id":"https:\/\/www.lilolauser.com\/shop\/produkt\/popcorn-party\/#primaryimage","url":"https:\/\/www.lilolauser.com\/shop\/wp-content\/uploads\/2020\/05\/Popcorn-Party-Partyskript-Lilo-Lauser.png","contentUrl":"https:\/\/www.lilolauser.com\/shop\/wp-content\/uploads\/2020\/05\/Popcorn-Party-Partyskript-Lilo-Lauser.png","width":585,"height":584},{"@type":"BreadcrumbList","@id":"https:\/\/www.lilolauser.com\/shop\/produkt\/popcorn-party\/#breadcrumb","itemListElement":[{"@type":"ListItem","position":1,"name":"Startseite","item":"https:\/\/www.lilolauser.com\/shop\/"},{"@type":"ListItem","position":2,"name":"Alle Produkte","item":"https:\/\/www.lilolauser.com\/shop\/alle-produkte\/"},{"@type":"ListItem","position":3,"name":"Popcorn Party als PDF"}]},{"@type":"WebSite","@id":"https:\/\/www.lilolauser.com\/shop\/#website","url":"https:\/\/www.lilolauser.com\/shop\/","name":"Lilo Lauser","description":"","publisher":{"@id":"https:\/\/www.lilolauser.com\/shop\/#organization"},"potentialAction":[{"@type":"SearchAction","target":{"@type":"EntryPoint","urlTemplate":"https:\/\/www.lilolauser.com\/shop\/?s={search_term_string}"},"query-input":{"@type":"PropertyValueSpecification","valueRequired":true,"valueName":"search_term_string"}}],"inLanguage":"de"},{"@type":"Organization","@id":"https:\/\/www.lilolauser.com\/shop\/#organization","name":"Lebe.Mensch. GmbH","url":"https:\/\/www.lilolauser.com\/shop\/","logo":{"@type":"ImageObject","inLanguage":"de","@id":"https:\/\/www.lilolauser.com\/shop\/#\/schema\/logo\/image\/","url":"https:\/\/www.lilolauser.com\/shop\/wp-content\/uploads\/2021\/01\/LiloLauser_copyright_Logo_kl.png","contentUrl":"https:\/\/www.lilolauser.com\/shop\/wp-content\/uploads\/2021\/01\/LiloLauser_copyright_Logo_kl.png","width":558,"height":97,"caption":"Lebe.Mensch. GmbH"},"image":{"@id":"https:\/\/www.lilolauser.com\/shop\/#\/schema\/logo\/image\/"},"sameAs":["https:\/\/hi-in.facebook.com\/lilolauser\/","https:\/\/www.instagram.com\/lilolauser\/?hl=de"]}]}},"_links":{"self":[{"href":"https:\/\/www.lilolauser.com\/shop\/wp-json\/wp\/v2\/product\/3305","targetHints":{"allow":["GET"]}}],"collection":[{"href":"https:\/\/www.lilolauser.com\/shop\/wp-json\/wp\/v2\/product"}],"about":[{"href":"https:\/\/www.lilolauser.com\/shop\/wp-json\/wp\/v2\/types\/product"}],"replies":[{"embeddable":true,"href":"https:\/\/www.lilolauser.com\/shop\/wp-json\/wp\/v2\/comments?post=3305"}],"wp:featuredmedia":[{"embeddable":true,"href":"https:\/\/www.lilolauser.com\/shop\/wp-json\/wp\/v2\/media\/3359"}],"wp:attachment":[{"href":"https:\/\/www.lilolauser.com\/shop\/wp-json\/wp\/v2\/media?parent=3305"}],"wp:term":[{"taxonomy":"product_cat","embeddable":true,"href":"https:\/\/www.lilolauser.com\/shop\/wp-json\/wp\/v2\/product_cat?post=3305"},{"taxonomy":"product_tag","embeddable":true,"href":"https:\/\/www.lilolauser.com\/shop\/wp-json\/wp\/v2\/product_tag?post=3305"}],"curies":[{"name":"wp","href":"https:\/\/api.w.org\/{rel}","templated":true}]}}