{"id":3453,"date":"2020-05-25T13:32:06","date_gmt":"2020-05-25T11:32:06","guid":{"rendered":"https:\/\/www.lilolauser.com\/shop\/?post_type=product&#038;p=3453"},"modified":"2024-09-10T21:06:23","modified_gmt":"2024-09-10T19:06:23","slug":"piraten-party-spielanleitung","status":"publish","type":"product","link":"https:\/\/www.lilolauser.com\/shop\/produkt\/piraten-party-spielanleitung\/","title":{"rendered":"Piraten Party"},"content":{"rendered":"<h2><strong>PIRATEN PARTY<\/strong><\/h2>\n<p><strong>Die Suche nach dem verborgenen Schatz<\/strong><\/p>\n<hr \/>\n<p><strong>Beschreibung<\/strong><\/p>\n<p>Ahoi, ihr mutigen Piraten! Auf der Reise zum verborgenen Schatz warten an Bord des Piratenschiffes einige knifflige Aufgaben und gro\u00dfe Abenteuer. Nur gemeinsam ist es m\u00f6glich alle Hindernisse zu meistern und den geheimen, l\u00e4ngst vergessenen Schatz zu erobern. Unter Seefahrern und Piraten munkelt man, dass eine Schatzkiste mit wertvollem Inhalt verborgen liegt. Jeder Pirat auf dieser Reise ist gleicherma\u00dfen wichtig &#8211; denn nur wenn die gesamte Piratencrew des Schiffes ans Ziel kommt, geh\u00f6rt der Schatz auch den Gewinnern. Teamgeist ist gefragt! Alle f\u00fcr einen, einer f\u00fcr alle!<\/p>\n<p>Holt den Anker ein und legt die Leinen los!<\/p>\n<p><strong>Spielfokus<\/strong><\/p>\n<p>Die Piratenparty ist als Schnitzeljagd konzipiert. Als Team werden dabei unterschiedliche Aufgaben bestritten, um gemeinsam ans Ziel zu kommen. Es geht darum, die F\u00e4higkeiten der Spielteilnehmer zu b\u00fcndeln. Nur wer die individuellen F\u00e4higkeiten aller Freunde gezielt einsetzt, gewinnt am Ende als Team den geheimnisvollen Schatz.<\/p>\n<p><strong>Spielaufbau<\/strong><\/p>\n<p>Enthalten sind:<\/p>\n<ul>\n<li>Spieleanleitung f\u00fcr den erwachsenen Spielbegleiter<\/li>\n<li>Leseskript f\u00fcr den erwachsenen Spielbegleiter<\/li>\n<li>Materialliste<\/li>\n<li>Anh\u00e4nge zum Ausschneiden (s\u00e4mtliche Bastelanleitungen und Vorlagen)<\/li>\n<\/ul>\n<p><strong>Das wird noch ben\u00f6tigt<\/strong><\/p>\n<p>Das Skript \u201ePiratenparty\u201c f\u00fchrt durch das Piratenabenteuer. Der erwachsene Spielleiter muss weder kreativ sein, noch muss er sich im Spiel involvieren. Er f\u00fchrt moderierend durch die Geschichte und fungiert vorlesend als Geschichtenerz\u00e4hler. S\u00e4mtliche Anleitungen und Vorlagen sind inkludiert. In der Materialliste findet man ein paar Utensilien, die das Spielerlebnis noch authentischer machen. Alle Spiele kommen mit wenigen, kosteng\u00fcnstigen Accessoires aus \u2013 viele davon haben Sie bestimmt bereits daheim. Der \u201eSchatz\u201c \u2013 also der Gewinn f\u00fcr die Kinder \u2013 ist dabei ganz Ihnen \u00fcberlassen.<\/p>\n<p>Die Piratenparty ist ab <strong>mindestens zwei<\/strong> <strong>Spieler<\/strong> geeignet.<\/p>\n<p>&nbsp;<\/p>\n","protected":false},"excerpt":{"rendered":"<h3><strong>PIRATEN PARTY mit Lilo Lauser<\/strong><\/h3>\n<h4><strong>Die Suche nach dem verborgenen Schatz<\/strong><\/h4>\n<hr \/>\n<p>Spannendes Partyspiel f\u00fcr Kinder | Brosch\u00fcre<\/p>\n<ul>\n<li><b>Verlag:<\/b> Eigenverlag<\/li>\n<li><b>Sprache:<\/b>\u00a0Deutsch<\/li>\n<li><b>Empfohlenes Alter:<\/b>\u00a05 &#8211; 8 Jahre<\/li>\n<li><b>Erscheinungsdatum:<\/b> 22.05.2020<\/li>\n<li><strong>Auflage:<\/strong> 1.<\/li>\n<li><strong>ISBN:<\/strong> 978-3-9519819-2-5<\/li>\n<\/ul>\n","protected":false},"featured_media":3306,"comment_status":"open","ping_status":"closed","template":"","meta":{"site-sidebar-layout":"default","site-content-layout":"default","ast-site-content-layout":"","site-content-style":"default","site-sidebar-style":"default","ast-global-header-display":"","ast-banner-title-visibility":"","ast-main-header-display":"","ast-hfb-above-header-display":"","ast-hfb-below-header-display":"","ast-hfb-mobile-header-display":"","site-post-title":"","ast-breadcrumbs-content":"","ast-featured-img":"","footer-sml-layout":"","theme-transparent-header-meta":"default","adv-header-id-meta":"","stick-header-meta":"","header-above-stick-meta":"","header-main-stick-meta":"","header-below-stick-meta":"","astra-migrate-meta-layouts":"default","ast-page-background-enabled":"default","ast-page-background-meta":{"desktop":{"background-color":"","background-image":"","background-repeat":"repeat","background-position":"center center","background-size":"auto","background-attachment":"scroll","background-type":"","background-media":"","overlay-type":"","overlay-color":"","overlay-opacity":"","overlay-gradient":""},"tablet":{"background-color":"","background-image":"","background-repeat":"repeat","background-position":"center center","background-size":"auto","background-attachment":"scroll","background-type":"","background-media":"","overlay-type":"","overlay-color":"","overlay-opacity":"","overlay-gradient":""},"mobile":{"background-color":"","background-image":"","background-repeat":"repeat","background-position":"center center","background-size":"auto","background-attachment":"scroll","background-type":"","background-media":"","overlay-type":"","overlay-color":"","overlay-opacity":"","overlay-gradient":""}},"ast-content-background-meta":{"desktop":{"background-color":"var(--ast-global-color-5)","background-image":"","background-repeat":"repeat","background-position":"center center","background-size":"auto","background-attachment":"scroll","background-type":"","background-media":"","overlay-type":"","overlay-color":"","overlay-opacity":"","overlay-gradient":""},"tablet":{"background-color":"var(--ast-global-color-5)","background-image":"","background-repeat":"repeat","background-position":"center center","background-size":"auto","background-attachment":"scroll","background-type":"","background-media":"","overlay-type":"","overlay-color":"","overlay-opacity":"","overlay-gradient":""},"mobile":{"background-color":"var(--ast-global-color-5)","background-image":"","background-repeat":"repeat","background-position":"center center","background-size":"auto","background-attachment":"scroll","background-type":"","background-media":"","overlay-type":"","overlay-color":"","overlay-opacity":"","overlay-gradient":""}}},"product_cat":[45],"product_tag":[],"class_list":{"0":"post-3453","1":"product","2":"type-product","3":"status-publish","4":"has-post-thumbnail","6":"product_cat-partyspiele","7":"pif-has-gallery","8":"desktop-align-center","9":"tablet-align-center","10":"mobile-align-center","12":"first","13":"instock","14":"taxable","15":"shipping-taxable","16":"purchasable","17":"product-type-simple"},"yoast_head":"<!-- This site is optimized with the Yoast SEO plugin v24.2 - https:\/\/yoast.com\/wordpress\/plugins\/seo\/ -->\n<title>Piraten Party &#187; Lilo Lauser<\/title>\n<meta name=\"robots\" content=\"index, follow, max-snippet:-1, max-image-preview:large, max-video-preview:-1\" \/>\n<link rel=\"canonical\" href=\"https:\/\/www.lilolauser.com\/shop\/produkt\/piraten-party-spielanleitung\/\" \/>\n<meta property=\"og:locale\" content=\"de_DE\" \/>\n<meta property=\"og:type\" content=\"article\" \/>\n<meta property=\"og:title\" content=\"Piraten Party &#187; Lilo Lauser\" \/>\n<meta property=\"og:description\" content=\"PIRATEN PARTY mit Lilo Lauser Die Suche nach dem verborgenen Schatz    Spannendes Partyspiel f\u00fcr Kinder | Brosch\u00fcre   Verlag: Eigenverlag  Sprache:\u00a0Deutsch  Empfohlenes Alter:\u00a05 - 8 Jahre  Erscheinungsdatum: 22.05.2020  Auflage: 1.  ISBN: 978-3-9519819-2-5\" \/>\n<meta property=\"og:url\" content=\"https:\/\/www.lilolauser.com\/shop\/produkt\/piraten-party-spielanleitung\/\" \/>\n<meta property=\"og:site_name\" content=\"Lilo Lauser\" \/>\n<meta property=\"article:publisher\" content=\"https:\/\/hi-in.facebook.com\/lilolauser\/\" \/>\n<meta property=\"article:modified_time\" content=\"2024-09-10T19:06:23+00:00\" \/>\n<meta property=\"og:image\" content=\"https:\/\/www.lilolauser.com\/shop\/wp-content\/uploads\/2020\/05\/Partyspiel-Kinder-Piraten-Party-Skript-Kindergeburtstag-1.jpg\" \/>\n\t<meta property=\"og:image:width\" content=\"875\" \/>\n\t<meta property=\"og:image:height\" content=\"876\" \/>\n\t<meta property=\"og:image:type\" content=\"image\/jpeg\" \/>\n<meta name=\"twitter:card\" content=\"summary_large_image\" \/>\n<meta name=\"twitter:label1\" content=\"Gesch\u00e4tzte Lesezeit\" \/>\n\t<meta name=\"twitter:data1\" content=\"1\u00a0Minute\" \/>\n<script type=\"application\/ld+json\" class=\"yoast-schema-graph\">{\"@context\":\"https:\/\/schema.org\",\"@graph\":[{\"@type\":\"WebPage\",\"@id\":\"https:\/\/www.lilolauser.com\/shop\/produkt\/piraten-party-spielanleitung\/\",\"url\":\"https:\/\/www.lilolauser.com\/shop\/produkt\/piraten-party-spielanleitung\/\",\"name\":\"Piraten Party &#187; Lilo Lauser\",\"isPartOf\":{\"@id\":\"https:\/\/www.lilolauser.com\/shop\/#website\"},\"primaryImageOfPage\":{\"@id\":\"https:\/\/www.lilolauser.com\/shop\/produkt\/piraten-party-spielanleitung\/#primaryimage\"},\"image\":{\"@id\":\"https:\/\/www.lilolauser.com\/shop\/produkt\/piraten-party-spielanleitung\/#primaryimage\"},\"thumbnailUrl\":\"https:\/\/www.lilolauser.com\/shop\/wp-content\/uploads\/2020\/05\/Partyspiel-Kinder-Piraten-Party-Skript-Kindergeburtstag-1.jpg\",\"datePublished\":\"2020-05-25T11:32:06+00:00\",\"dateModified\":\"2024-09-10T19:06:23+00:00\",\"breadcrumb\":{\"@id\":\"https:\/\/www.lilolauser.com\/shop\/produkt\/piraten-party-spielanleitung\/#breadcrumb\"},\"inLanguage\":\"de\",\"potentialAction\":[{\"@type\":\"ReadAction\",\"target\":[\"https:\/\/www.lilolauser.com\/shop\/produkt\/piraten-party-spielanleitung\/\"]}]},{\"@type\":\"ImageObject\",\"inLanguage\":\"de\",\"@id\":\"https:\/\/www.lilolauser.com\/shop\/produkt\/piraten-party-spielanleitung\/#primaryimage\",\"url\":\"https:\/\/www.lilolauser.com\/shop\/wp-content\/uploads\/2020\/05\/Partyspiel-Kinder-Piraten-Party-Skript-Kindergeburtstag-1.jpg\",\"contentUrl\":\"https:\/\/www.lilolauser.com\/shop\/wp-content\/uploads\/2020\/05\/Partyspiel-Kinder-Piraten-Party-Skript-Kindergeburtstag-1.jpg\",\"width\":875,\"height\":876},{\"@type\":\"BreadcrumbList\",\"@id\":\"https:\/\/www.lilolauser.com\/shop\/produkt\/piraten-party-spielanleitung\/#breadcrumb\",\"itemListElement\":[{\"@type\":\"ListItem\",\"position\":1,\"name\":\"Startseite\",\"item\":\"https:\/\/www.lilolauser.com\/shop\/\"},{\"@type\":\"ListItem\",\"position\":2,\"name\":\"Alle Produkte\",\"item\":\"https:\/\/www.lilolauser.com\/shop\/alle-produkte\/\"},{\"@type\":\"ListItem\",\"position\":3,\"name\":\"Piraten Party\"}]},{\"@type\":\"WebSite\",\"@id\":\"https:\/\/www.lilolauser.com\/shop\/#website\",\"url\":\"https:\/\/www.lilolauser.com\/shop\/\",\"name\":\"Lilo Lauser\",\"description\":\"\",\"publisher\":{\"@id\":\"https:\/\/www.lilolauser.com\/shop\/#organization\"},\"potentialAction\":[{\"@type\":\"SearchAction\",\"target\":{\"@type\":\"EntryPoint\",\"urlTemplate\":\"https:\/\/www.lilolauser.com\/shop\/?s={search_term_string}\"},\"query-input\":{\"@type\":\"PropertyValueSpecification\",\"valueRequired\":true,\"valueName\":\"search_term_string\"}}],\"inLanguage\":\"de\"},{\"@type\":\"Organization\",\"@id\":\"https:\/\/www.lilolauser.com\/shop\/#organization\",\"name\":\"Lebe.Mensch. GmbH\",\"url\":\"https:\/\/www.lilolauser.com\/shop\/\",\"logo\":{\"@type\":\"ImageObject\",\"inLanguage\":\"de\",\"@id\":\"https:\/\/www.lilolauser.com\/shop\/#\/schema\/logo\/image\/\",\"url\":\"https:\/\/www.lilolauser.com\/shop\/wp-content\/uploads\/2021\/01\/LiloLauser_copyright_Logo_kl.png\",\"contentUrl\":\"https:\/\/www.lilolauser.com\/shop\/wp-content\/uploads\/2021\/01\/LiloLauser_copyright_Logo_kl.png\",\"width\":558,\"height\":97,\"caption\":\"Lebe.Mensch. GmbH\"},\"image\":{\"@id\":\"https:\/\/www.lilolauser.com\/shop\/#\/schema\/logo\/image\/\"},\"sameAs\":[\"https:\/\/hi-in.facebook.com\/lilolauser\/\",\"https:\/\/www.instagram.com\/lilolauser\/?hl=de\"]}]}<\/script>\n<!-- \/ Yoast SEO plugin. -->","yoast_head_json":{"title":"Piraten Party &#187; Lilo Lauser","robots":{"index":"index","follow":"follow","max-snippet":"max-snippet:-1","max-image-preview":"max-image-preview:large","max-video-preview":"max-video-preview:-1"},"canonical":"https:\/\/www.lilolauser.com\/shop\/produkt\/piraten-party-spielanleitung\/","og_locale":"de_DE","og_type":"article","og_title":"Piraten Party &#187; Lilo Lauser","og_description":"PIRATEN PARTY mit Lilo Lauser Die Suche nach dem verborgenen Schatz    Spannendes Partyspiel f\u00fcr Kinder | Brosch\u00fcre   Verlag: Eigenverlag  Sprache:\u00a0Deutsch  Empfohlenes Alter:\u00a05 - 8 Jahre  Erscheinungsdatum: 22.05.2020  Auflage: 1.  ISBN: 978-3-9519819-2-5","og_url":"https:\/\/www.lilolauser.com\/shop\/produkt\/piraten-party-spielanleitung\/","og_site_name":"Lilo Lauser","article_publisher":"https:\/\/hi-in.facebook.com\/lilolauser\/","article_modified_time":"2024-09-10T19:06:23+00:00","og_image":[{"width":875,"height":876,"url":"https:\/\/www.lilolauser.com\/shop\/wp-content\/uploads\/2020\/05\/Partyspiel-Kinder-Piraten-Party-Skript-Kindergeburtstag-1.jpg","type":"image\/jpeg"}],"twitter_card":"summary_large_image","twitter_misc":{"Gesch\u00e4tzte Lesezeit":"1\u00a0Minute"},"schema":{"@context":"https:\/\/schema.org","@graph":[{"@type":"WebPage","@id":"https:\/\/www.lilolauser.com\/shop\/produkt\/piraten-party-spielanleitung\/","url":"https:\/\/www.lilolauser.com\/shop\/produkt\/piraten-party-spielanleitung\/","name":"Piraten Party &#187; Lilo Lauser","isPartOf":{"@id":"https:\/\/www.lilolauser.com\/shop\/#website"},"primaryImageOfPage":{"@id":"https:\/\/www.lilolauser.com\/shop\/produkt\/piraten-party-spielanleitung\/#primaryimage"},"image":{"@id":"https:\/\/www.lilolauser.com\/shop\/produkt\/piraten-party-spielanleitung\/#primaryimage"},"thumbnailUrl":"https:\/\/www.lilolauser.com\/shop\/wp-content\/uploads\/2020\/05\/Partyspiel-Kinder-Piraten-Party-Skript-Kindergeburtstag-1.jpg","datePublished":"2020-05-25T11:32:06+00:00","dateModified":"2024-09-10T19:06:23+00:00","breadcrumb":{"@id":"https:\/\/www.lilolauser.com\/shop\/produkt\/piraten-party-spielanleitung\/#breadcrumb"},"inLanguage":"de","potentialAction":[{"@type":"ReadAction","target":["https:\/\/www.lilolauser.com\/shop\/produkt\/piraten-party-spielanleitung\/"]}]},{"@type":"ImageObject","inLanguage":"de","@id":"https:\/\/www.lilolauser.com\/shop\/produkt\/piraten-party-spielanleitung\/#primaryimage","url":"https:\/\/www.lilolauser.com\/shop\/wp-content\/uploads\/2020\/05\/Partyspiel-Kinder-Piraten-Party-Skript-Kindergeburtstag-1.jpg","contentUrl":"https:\/\/www.lilolauser.com\/shop\/wp-content\/uploads\/2020\/05\/Partyspiel-Kinder-Piraten-Party-Skript-Kindergeburtstag-1.jpg","width":875,"height":876},{"@type":"BreadcrumbList","@id":"https:\/\/www.lilolauser.com\/shop\/produkt\/piraten-party-spielanleitung\/#breadcrumb","itemListElement":[{"@type":"ListItem","position":1,"name":"Startseite","item":"https:\/\/www.lilolauser.com\/shop\/"},{"@type":"ListItem","position":2,"name":"Alle Produkte","item":"https:\/\/www.lilolauser.com\/shop\/alle-produkte\/"},{"@type":"ListItem","position":3,"name":"Piraten Party"}]},{"@type":"WebSite","@id":"https:\/\/www.lilolauser.com\/shop\/#website","url":"https:\/\/www.lilolauser.com\/shop\/","name":"Lilo Lauser","description":"","publisher":{"@id":"https:\/\/www.lilolauser.com\/shop\/#organization"},"potentialAction":[{"@type":"SearchAction","target":{"@type":"EntryPoint","urlTemplate":"https:\/\/www.lilolauser.com\/shop\/?s={search_term_string}"},"query-input":{"@type":"PropertyValueSpecification","valueRequired":true,"valueName":"search_term_string"}}],"inLanguage":"de"},{"@type":"Organization","@id":"https:\/\/www.lilolauser.com\/shop\/#organization","name":"Lebe.Mensch. GmbH","url":"https:\/\/www.lilolauser.com\/shop\/","logo":{"@type":"ImageObject","inLanguage":"de","@id":"https:\/\/www.lilolauser.com\/shop\/#\/schema\/logo\/image\/","url":"https:\/\/www.lilolauser.com\/shop\/wp-content\/uploads\/2021\/01\/LiloLauser_copyright_Logo_kl.png","contentUrl":"https:\/\/www.lilolauser.com\/shop\/wp-content\/uploads\/2021\/01\/LiloLauser_copyright_Logo_kl.png","width":558,"height":97,"caption":"Lebe.Mensch. GmbH"},"image":{"@id":"https:\/\/www.lilolauser.com\/shop\/#\/schema\/logo\/image\/"},"sameAs":["https:\/\/hi-in.facebook.com\/lilolauser\/","https:\/\/www.instagram.com\/lilolauser\/?hl=de"]}]}},"_links":{"self":[{"href":"https:\/\/www.lilolauser.com\/shop\/wp-json\/wp\/v2\/product\/3453","targetHints":{"allow":["GET"]}}],"collection":[{"href":"https:\/\/www.lilolauser.com\/shop\/wp-json\/wp\/v2\/product"}],"about":[{"href":"https:\/\/www.lilolauser.com\/shop\/wp-json\/wp\/v2\/types\/product"}],"replies":[{"embeddable":true,"href":"https:\/\/www.lilolauser.com\/shop\/wp-json\/wp\/v2\/comments?post=3453"}],"wp:featuredmedia":[{"embeddable":true,"href":"https:\/\/www.lilolauser.com\/shop\/wp-json\/wp\/v2\/media\/3306"}],"wp:attachment":[{"href":"https:\/\/www.lilolauser.com\/shop\/wp-json\/wp\/v2\/media?parent=3453"}],"wp:term":[{"taxonomy":"product_cat","embeddable":true,"href":"https:\/\/www.lilolauser.com\/shop\/wp-json\/wp\/v2\/product_cat?post=3453"},{"taxonomy":"product_tag","embeddable":true,"href":"https:\/\/www.lilolauser.com\/shop\/wp-json\/wp\/v2\/product_tag?post=3453"}],"curies":[{"name":"wp","href":"https:\/\/api.w.org\/{rel}","templated":true}]}}